er when 3901927 is divided by 65032.
7
What is the remainder when 13358596 is divided by 176?
20
Calculate the remainder when 119856 is divided by 3306.
840
Calculate the remainder when 5039246 is divided by 139979.
2
What is the remainder when 17148675 is divided by 311?
135
Calculate the remainder when 499800844 is divided by 79.
76
Calculate the remainder when 132426061 is divided by 82.
79
What is the remainder when 20151394 is divided by 155?
154
What is the remainder when 354276 is divided by 2839?
2240
Calculate the remainder when 1665196 is divided by 459.
403
Calculate the remainder when 276153 is divided by 1565.
713
Calculate the remainder when 1057124 is divided by 3728.
2100
Calculate the remainder when 58590354 is divided by 44.
42
What is the remainder when 391269 is divided by 192967?
5335
What is the remainder when 20777 is divided by 3908?
1237
Calculate the remainder when 4655 is divided by 2289.
77
Calculate the remainder when 72418 is divided by 17959.
582
Calculate the remainder when 54630 is divided by 721.
555
Calculate the remainder when 96793 is divided by 112.
25
What is the remainder when 304050125 is divided by 304050120?
5
What is the remainder when 284970 is divided by 13538?
672
What is the remainder when 2336534 is divided by 1168155?
224
Calculate the remainder when 91497858 is divided by 186.
180
What is the remainder when 30721319 is divided by 1314?
1313
Calculate the remainder when 21025490 is divided by 787.
785
What is the remainder when 2030781 is divided by 338312?
909
Calculate the remainder when 244707011 is divided by 48941399.
16
What is the remainder when 2331251 is divided by 233125?
1
What is the remainder when 1252811 is divided by 10439?
131
What is the remainder when 53073539 is divided by 79?
75
Calculate the remainder when 407432 is divided by 603.
407
What is the remainder when 143880 is divided by 20519?
247
Calculate the remainder when 63115 is divided by 1423.
503
Calculate the remainder when 1365746 is divided by 177.
14
Calculate the remainder when 7009 is divided by 3445.
119
Calculate the remainder when 804954 is divided by 5791.
5
What is the remainder when 493964 is divided by 3701?
1731
Calculate the remainder when 7566999 is divided by 1610.
1609
What is the remainder when 61773493 is divided by 15443368?
21
What is the remainder when 2056667 is divided by 12098?
7
Calculate the remainder when 26485599 is divided by 6621393.
27
What is the remainder when 196736 is divided by 196207?
529
What is the remainder when 110249376 is divided by 42?
6
Calculate the remainder when 340012 is divided by 5935.
1717
Calculate the remainder when 1522073 is divided by 758054.
5965
What is the remainder when 133369 is divided by 66623?
123
What is the remainder when 189359 is divided by 1083?
917
Calculate the remainder when 2005852 is divided by 14858.
22
Calculate the remainder when 2926758 is divided by 271.
229
Calculate the remainder when 1545836 is divided by 565.
561
What is the remainder when 5536494 is divided by 922727?
132
Calculate the remainder when 403044 is divided by 44780.
24
Calculate the remainder when 1004794 is divided by 125589.
82
What is the remainder when 29385764 is divided by 1723?
1722
What is the remainder when 4151640 is divided by 1383844?
108
What is the remainder when 9699421 is divided by 3233134?
19
Calculate the remainder when 417029973 is divided by 957.
954
What is the remainder when 117561 is divided by 912?
825
Calculate the remainder when 2593422 is divided by 30.
12
What is the remainder when 6769035 is divided by 195?
0
Calculate the remainder when 91287534 is divided by 12.
6
What is the remainder when 6140694 is divided by 311?
310
What is the remainder when 11344307 is divided by 123?
17
Calculate the remainder when 12390 is divided by 11294.
1096
Calculate the remainder when 223325 is divided by 225.
125
Calculate the remainder when 5404486 is divided by 51.
16
Calculate the remainder when 417557 is divided by 9077.
15
What is the remainder when 1052320 is divided by 392?
192
Calculate the remainder when 30823009 is divided by 67.
61
What is the remainder when 262367 is divided by 1943?
62
What is the remainder when 14345636 is divided by 90?
86
Calculate the remainder when 261496 is divided by 11868.
400
Calculate the remainder when 554 is divided by 396.
158
What is the remainder when 46684921 is divided by 374?
371
Calculate the remainder when 3484389 is divided by 130.
129
What is the remainder when 568294449 is divided by 44?
41
Calculate the remainder when 1406225909 is divided by 3785.
3784
Calculate the remainder when 650555 is divided by 14782.
147
What is the remainder when 8911861 is divided by 5454?
25
What is the remainder when 26086272 is divided by 2222?
2214
Calculate the remainder when 62934898 is divided by 35.
33
What is the remainder when 7517916 is divided by 62?
44
Calculate the remainder when 180114 is divided by 89939.
236
Calculate the remainder when 462146 is divided by 14856.
1610
Calculate the remainder when 1907788 is divided by 18344.
12
What is the remainder when 44838231 is divided by 589?
17
Calculate the remainder when 3440504 is divided by 1406.
22
What is the remainder when 340775 is divided by 8519?
15
What is the remainder when 55070 is divided by 53379?
1691
Calculate the remainder when 530300 is divided by 19632.
236
Calculate the remainder when 991799 is divided by 725.
724
What is the remainder when 137758 is divided by 311?
296
Calculate the remainder when 870907 is divided by 202.
85
What is the remainder when 815873140 is divided by 813?
811
Calculate the remainder when 196905169 is divided by 424.
417
Calculate the remainder when 11238638 is divided by 196.
194
Calculate the remainder when 16945 is divided by 5550.
295
Calculate the remainder when 30065 is divided by 13001.
4063
Calculate the remainder when 3200168 is divided by 457160.
48
Calculate the remainder when 70806471 is divided by 246.
45
What is the remainder when 134658575 is divided by 3550?
3525
Calculate the remainder when 571551 is divided by 357.
351
Calculate the remainder when 128350 is divided by 3463.
219
What is the remainder when 73375184 is divided by 39?
38
Calculate the remainder when 2665266 is divided by 11295.
10941
Calculate the remainder when 5263371 is divided by 1754404.
159
Calculate the remainder when 162201209 is divided by 80.
9
Calculate the remainder when 135864 is divided by 132063.
3801
Calculate the remainder when 2690672067 is divided by 82.
81
What is the remainder when 727593 is divided by 12?
9
Calculate the remainder when 64566 is divided by 28273.
8020
What is the remainder when 714163 is divided by 5177?
4914
Calculate the remainder when 196965 is divided by 24601.
157
Calculate the remainder when 28300 is divided by 1019.
787
What is the remainder when 4127 is divided by 3722?
405
Calculate the remainder when 21147548 is divided by 237.
38
What is the remainder when 17092474 is divided by 2657?
2650
What is the remainder when 2143759 is divided by 78?
7
What is the remainder when 933052 is divided by 208?
172
What is the remainder when 13677787 is divided by 2426?
2425
Calculate the remainder when 1469977 is divided by 63910.
47
What is the remainder when 409730 is divided by 136553?
71
Calculate the remainder when 1137520380 is divided by 193.
189
What is the remainder when 20377285 is divided by 2547159?
13
What is the remainder when 64622 is divided by 7217?
6886
What is the remainder when 20664437 is divided by 2952061?
10
Calculate the remainder when 2977245 is divided by 715.
700
What is the remainder when 44057589 is divided by 11222?
17
What is the remainder when 316941 is divided by 12?
9
Calculate the remainder when 21506577 is divided by 1344161.
1
What is the remainder when 2231618 is divided by 1115807?
4
Calculate the remainder when 12846234 is divided by 68331.
6
What is the remainder when 13858474 is divided by 3594?
10
Calculate the remainder when 18565445 is divided by 452.
449
What is the remainder when 22997121 is divided by 675?
546
Calculate the remainder when 2289147 is divided by 2758.
7
What is the remainder when 58250289 is divided by 379?
263
Calculate the remainder when 31